{"id":138,"date":"2022-11-18T09:19:38","date_gmt":"2022-11-18T08:19:38","guid":{"rendered":"http:\/\/hypnose-praticienne.pro\/?page_id=138"},"modified":"2025-08-14T13:22:33","modified_gmt":"2025-08-14T11:22:33","slug":"elementor-138","status":"publish","type":"page","link":"https:\/\/hypnose-praticienne.pro\/","title":{"rendered":"Qui suis-je"},"content":{"rendered":"\n<p><\/p>\n\n\n\n<p><style>\/*! elementor - v3.10.1 - 17-01-2023 *\/<br \/>\n.elementor-widget-image{text-align:center}.elementor-widget-image a{display:inline-block}.elementor-widget-image a img[src$=\".svg\"]{width:48px}.elementor-widget-image img{vertical-align:middle;display:inline-block}<\/style>\n<\/p>\n\n\n<div class=\"wp-block-image\">\n<figure class=\"alignleft\"><img decoding=\"async\" src=\"http:\/\/hypnose-praticienne.pro\/wp-content\/uploads\/2023\/01\/Sans-titre1111.jpg\" alt=\"\"\/><\/figure>\n<\/div>\n\n\n<p><\/p>\n\n\n\n<p><span style=\"font-size: 14.0pt; font-family: 'Calibri Light',sans-serif;\">Et si nous faisons connaissance vous et moi ?<\/span><\/p>\n\n\n\n<p><span style=\"font-size: 14.0pt; font-family: 'Calibri Light',sans-serif;\">Je me pr\u00e9sente, Myl\u00e8ne, Praticienne en hypnose Ericksonienne.<\/span><\/p>\n\n\n\n<p><span style=\"font-size: 14.0pt; font-family: 'Calibri Light',sans-serif;\">Certifi\u00e9e par la plus grande \u00e9cole en Europe de formation aux m\u00e9tiers de l&rsquo;hypnose, le groupe PSYNAPSE. <\/span><span style=\"font-size: 14.0pt; font-family: 'Calibri Light',sans-serif;\">PSYNAPSE est reconnue comme institut de r\u00e9f\u00e9rence par le World Hypnosis Organization (W.H.O.)<\/span><\/p>\n\n\n\n<p><span style=\"font-size: 14.0pt; font-family: 'Calibri Light',sans-serif;\">Cela signifie quoi tout \u00e7a ? Pourquoi en suis-je arriv\u00e9e l\u00e0 ?<\/span><\/p>\n\n\n\n<p><span style=\"font-size: 14.0pt; font-family: 'Calibri Light',sans-serif;\">Ain\u00e9e de 3 enfants, d\u00e9j\u00e0 petite je me sentais investie d\u2019une mission qui \u00e9tait celle d\u2019aider et d\u2019accompagner mes deux petits fr\u00e8res dans leur chemin de vie future.<\/span><\/p>\n\n\n\n<p><span style=\"font-size: 14.0pt; font-family: 'Calibri Light',sans-serif;\">Mon aide n\u2019a pas \u00e9t\u00e9 grand-chose, juste croire en eux, accepter leur choix de vie et les soutenir directement et indirectement par ma pr\u00e9sence et mes pens\u00e9es.<\/span><\/p>\n\n\n\n<p><span style=\"font-size: 14.0pt; font-family: 'Calibri Light',sans-serif;\">Je ne me suis pas facilit\u00e9 la t\u00e2che, tous les 2 \u00e9taient totalement diff\u00e9rents, il m\u2019a fallu m\u2019adapter et changer ma fa\u00e7on de voir les choses pour que je puisse essayer au mieux de les suivre dans leurs diff\u00e9rents parcours et leur prise de d\u00e9cisions.<\/span><\/p>\n\n\n\n<p><span style=\"font-size: 14.0pt; font-family: 'Calibri Light',sans-serif;\">J\u2019ai grandi avec mon regard tourn\u00e9 vers les autres. Plus les ann\u00e9es passaient et plus je m\u2019\u00e9panouissais aupr\u00e8s des contacts humains. Mes parents pouvaient compter sur moi en tant qu\u2019appui dans des p\u00e9riodes qui n\u2019ont pas \u00e9t\u00e9 facile. J\u2019adorais passer des longs moments avec mes Grands-parents qui me prenaient parfois pour leur confidente.<\/span><\/p>\n\n\n<div class=\"wp-block-image wp-block-image size-full is-style-default\">\n<figure class=\"alignright\"><img loading=\"lazy\" decoding=\"async\" width=\"604\" height=\"253\" src=\"http:\/\/hypnose-praticienne.pro\/wp-content\/uploads\/2023\/01\/image_648732715.jpg\" alt=\"\" class=\"wp-image-396\" srcset=\"https:\/\/hypnose-praticienne.pro\/wp-content\/uploads\/2023\/01\/image_648732715.jpg 604w, https:\/\/hypnose-praticienne.pro\/wp-content\/uploads\/2023\/01\/image_648732715-600x251.jpg 600w, https:\/\/hypnose-praticienne.pro\/wp-content\/uploads\/2023\/01\/image_648732715-300x126.jpg 300w\" sizes=\"auto, (max-width: 604px) 100vw, 604px\" \/><\/figure>\n<\/div>\n\n\n<p><span style=\"font-size: 14.0pt; font-family: 'Calibri Light',sans-serif;\">Dans mon parcours personnel ainsi que professionnel petit \u00e0 petit j\u2019ai commenc\u00e9 \u00e0 \u00eatre sollicit\u00e9 par diverses personnes, pour \u00eatre \u00e0 leur \u00e9coute, dans l\u2019empathie et non dans le jugement, dans le partage de point de vue et tr\u00e8s souvent dans le conseil sur leur chemin \u00e0 suivre.<\/span><\/p>\n\n\n\n<p><span style=\"font-size: 14.0pt; font-family: 'Calibri Light',sans-serif;\">Aujourd\u2019hui, \u00e7a y est j\u2019ai d\u00e9cid\u00e9 de me lancer et d\u2019en faire mon m\u00e9tier. Mon plaisir, ma passion, c\u2019est d\u2019\u00eatre aupr\u00e8s de vous et \u00e0 l&rsquo;\u00e9coute de vos besoins !!!<\/span><\/p>\n\n\n\n<p><span style=\"font-size: 14.0pt; font-family: 'Calibri Light',sans-serif;\">Ma curiosit\u00e9 a toujours \u00e9t\u00e9 mon plus grand d\u00e9faut, et pourtant aujourd\u2019hui c\u2019est gr\u00e2ce \u00e0 elle que je suis arriv\u00e9e ici.<\/span><\/p>\n\n\n\n<p><span style=\"font-size: 14.0pt; font-family: 'Calibri Light',sans-serif;\">Ma curiosit\u00e9 m\u2019a pouss\u00e9 \u00e0 \u00e9tudier notre conscient, notre subconscient qui nous guident, nous soignent, nous jouent des tours, n\u2019en font qu\u2019\u00e0 leur t\u00eate\u2026<\/span><\/p>\n\n\n\n<p><span style=\"font-size: 14.0pt; font-family: 'Calibri Light',sans-serif;\">Ma curiosit\u00e9 m\u2019a aussi pouss\u00e9 \u00e0 me sp\u00e9cialiser dans les outils de la gestion du poids, mais \u00e9galement \u00e0 r\u00e9aliser la pose de l&rsquo;anneau gastrique virtuel .<\/span><\/p>\n\n\n\n<p><span style=\"font-size: 14.0pt; font-family: 'Calibri Light',sans-serif;\">Ma curiosit\u00e9 m\u2019a pouss\u00e9 \u00e0 examiner comment apporter une confiance et estime de soi, le l\u00e2cher prise\u2026<\/span><\/p>\n\n\n\n<p><span style=\"font-size: 14.0pt; font-family: 'Calibri Light',sans-serif;\">Ma curiosit\u00e9 souhaite aujourd\u2019hui vous rencontrer afin que nous puissions \u00e9changer et partager ensemble.<\/span><\/p>\n\n\n<div class=\"wp-block-image\">\n<figure class=\"alignleft size-full is-resized\"><img loading=\"lazy\" decoding=\"async\" width=\"802\" height=\"429\" src=\"http:\/\/hypnose-praticienne.pro\/wp-content\/uploads\/2023\/01\/image_648732731.jpg\" alt=\"\" class=\"wp-image-376\" style=\"width:303px;height:162px\" srcset=\"https:\/\/hypnose-praticienne.pro\/wp-content\/uploads\/2023\/01\/image_648732731.jpg 802w, https:\/\/hypnose-praticienne.pro\/wp-content\/uploads\/2023\/01\/image_648732731-600x321.jpg 600w, https:\/\/hypnose-praticienne.pro\/wp-content\/uploads\/2023\/01\/image_648732731-300x160.jpg 300w, https:\/\/hypnose-praticienne.pro\/wp-content\/uploads\/2023\/01\/image_648732731-768x411.jpg 768w, https:\/\/hypnose-praticienne.pro\/wp-content\/uploads\/2023\/01\/image_648732731-800x429.jpg 800w\" sizes=\"auto, (max-width: 802px) 100vw, 802px\" \/><\/figure>\n<\/div>\n\n<p style=\"text-align: justify;\"><span style=\"font-size: 14.0pt; font-family: 'Calibri Light',sans-serif;\">Aujourd&rsquo;hui, je suis l\u00e0 pour vous aider et vous accompagner afin que vous puissiez parler vous-m\u00eame \u00e0 votre inconscient pour trouver les solutions \u00e0 toutes vos questions.<\/span><\/p>\n<p style=\"text-align: justify;\"><span style=\"font-size: 14.0pt; font-family: 'Calibri Light',sans-serif;\">Les addictions, l&rsquo;estime et confiance en soi, les troubles psychologiques, phobies, angoisses, stress, anxi\u00e9t\u00e9, d\u00e9pression, troubles du sommeil, les allergies, les douleurs physiologiques&#8230;<br \/><\/span><\/p>\n<p style=\"text-align: justify;\"><span style=\"font-size: 14.0pt; font-family: 'Calibri Light',sans-serif;\">Mais aussi pour tout ce qui est li\u00e9 aux troubles alimentaires, perte ou gain de poids, manque de confiance, la gestion des \u00e9motions, des d\u00e9pendances &#8230;<\/span><\/p>\n<p style=\"text-align: center;\"><em>\u00ab\u00a0Tu souhaites am\u00e9liorer ta confiance ou ton estime en toi ?\u00a0\u00bb<\/em><\/p>\n<p style=\"text-align: center;\"><em>\u00ab\u00a0Tu aimerais \u00eatre plus apais\u00e9 dans ton bien-\u00eatre quotidien ?\u00a0\u00bb<\/em><\/p>\n<p style=\"text-align: center;\"><em>\u00ab\u00a0Tu as envie de r\u00e9ussir tes projets et objectifs ?\u00a0\u00bb<\/em><\/p>\n<p style=\"text-align: center;\"><em>\u00a0\u00bb Et tu d\u00e9sires toi seul \u00eatre le pilote et ma\u00eetre de ta propre vie&#8230;\u00a0\u00bb<\/em><\/p>\n<p style=\"text-align: center;\"><em>L&rsquo;hypnose va r\u00e9pondre \u00e0 tes besoins et toi seul peux changer cet avenir qui t&rsquo;appartient, ne crois-tu pas ?<\/em><\/p>\n<p style=\"text-align: center;\"><em>Tu seras surpris de voir ce que l&rsquo;hypnose peut t&rsquo;apporter<\/em><\/p>\n<p style=\"text-align: justify;\"><span style=\"font-size: 14.0pt; font-family: 'Calibri Light',sans-serif;\">Et si nous allons voir \u00e0 c\u00f4t\u00e9 si vos besoins et souhaits peuvent \u00eatre exauc\u00e9s&#8230;<\/span><\/p>\n<p style=\"text-align: justify;\"><span style=\"font-size: 14.0pt; font-family: 'Calibri Light',sans-serif;\">Je vous invite \u00e0 aller jeter un \u0153il sur l&rsquo;onglet \u00ab\u00a0Parlons Hypnose \u00a0\u00bb pour savoir si nous allons nous rencontrer afin d&rsquo;\u00e9changer ensemble vous et moi.<\/span><\/p>\n\n\n<figure class=\"wp-block-image size-full\"><img loading=\"lazy\" decoding=\"async\" width=\"433\" height=\"426\" src=\"http:\/\/hypnose-praticienne.pro\/wp-content\/uploads\/2023\/01\/image_648732730.jpg\" alt=\"\" class=\"wp-image-378\" srcset=\"https:\/\/hypnose-praticienne.pro\/wp-content\/uploads\/2023\/01\/image_648732730.jpg 433w, https:\/\/hypnose-praticienne.pro\/wp-content\/uploads\/2023\/01\/image_648732730-300x295.jpg 300w\" sizes=\"auto, (max-width: 433px) 100vw, 433px\" \/><\/figure>\n\n\n<\/p>\n<p style=\"text-align: justify;\">","protected":false},"excerpt":{"rendered":"<p>Et si nous faisons connaissance vous et moi ? Je me pr\u00e9sente, Myl\u00e8ne, Praticienne en hypnose Ericksonienne. Certifi\u00e9e par la plus grande \u00e9cole en Europe de formation aux m\u00e9tiers de l&rsquo;hypnose, le groupe PSYNAPSE. PSYNAPSE est reconnue comme institut de r\u00e9f\u00e9rence par le World Hypnosis Organization (W.H.O.) Cela signifie quoi tout \u00e7a ? Pourquoi en&#8230;<\/p>\n","protected":false},"author":1,"featured_media":0,"parent":0,"menu_order":0,"comment_status":"closed","ping_status":"closed","template":"","meta":{"_kadence_starter_templates_imported_post":false,"_kad_post_transparent":"","_kad_post_title":"","_kad_post_layout":"","_kad_post_sidebar_id":"","_kad_post_content_style":"","_kad_post_vertical_padding":"","_kad_post_feature":"","_kad_post_feature_position":"","_kad_post_header":false,"_kad_post_footer":false,"footnotes":""},"class_list":["post-138","page","type-page","status-publish","hentry"],"_links":{"self":[{"href":"https:\/\/hypnose-praticienne.pro\/index.php\/wp-json\/wp\/v2\/pages\/138","targetHints":{"allow":["GET"]}}],"collection":[{"href":"https:\/\/hypnose-praticienne.pro\/index.php\/wp-json\/wp\/v2\/pages"}],"about":[{"href":"https:\/\/hypnose-praticienne.pro\/index.php\/wp-json\/wp\/v2\/types\/page"}],"author":[{"embeddable":true,"href":"https:\/\/hypnose-praticienne.pro\/index.php\/wp-json\/wp\/v2\/users\/1"}],"replies":[{"embeddable":true,"href":"https:\/\/hypnose-praticienne.pro\/index.php\/wp-json\/wp\/v2\/comments?post=138"}],"version-history":[{"count":215,"href":"https:\/\/hypnose-praticienne.pro\/index.php\/wp-json\/wp\/v2\/pages\/138\/revisions"}],"predecessor-version":[{"id":1476,"href":"https:\/\/hypnose-praticienne.pro\/index.php\/wp-json\/wp\/v2\/pages\/138\/revisions\/1476"}],"wp:attachment":[{"href":"https:\/\/hypnose-praticienne.pro\/index.php\/wp-json\/wp\/v2\/media?parent=138"}],"curies":[{"name":"wp","href":"https:\/\/api.w.org\/{rel}","templated":true}]}}